 when 31832 is divided by 388.
16
Calculate the remainder when 1541 is divided by 376.
37
What is the remainder when 1204 is divided by 3?
1
Calculate the remainder when 1847 is divided by 436.
103
Calculate the remainder when 192883 is divided by 100.
83
What is the remainder when 18280 is divided by 3043?
22
What is the remainder when 2636 is divided by 657?
8
What is the remainder when 68326 is divided by 1242?
16
What is the remainder when 2512104 is divided by 46?
44
What is the remainder when 483717 is divided by 82?
81
What is the remainder when 3325 is divided by 939?
508
Calculate the remainder when 118486 is divided by 1581.
1492
Calculate the remainder when 153263 is divided by 21886.
61
What is the remainder when 1880 is divided by 138?
86
What is the remainder when 59578 is divided by 29778?
22
Calculate the remainder when 21041 is divided by 18.
17
Calculate the remainder when 1866 is divided by 1373.
493
Calculate the remainder when 969 is divided by 771.
198
Calculate the remainder when 47048 is divided by 47044.
4
Calculate the remainder when 4756 is divided by 2361.
34
What is the remainder when 585538 is divided by 424?
418
Calculate the remainder when 146942 is divided by 156.
146
Calculate the remainder when 1478678 is divided by 28.
26
Calculate the remainder when 834532 is divided by 639.
637
What is the remainder when 938 is divided by 6?
2
Calculate the remainder when 986239 is divided by 16.
15
What is the remainder when 82670 is divided by 2296?
14
Calculate the remainder when 10927 is divided by 32.
15
What is the remainder when 70224 is divided by 38?
0
Calculate the remainder when 425 is divided by 219.
206
Calculate the remainder when 1021 is divided by 228.
109
What is the remainder when 45153 is divided by 1129?
1122
Calculate the remainder when 8841 is divided by 8806.
35
Calculate the remainder when 2938 is divided by 392.
194
What is the remainder when 5668 is divided by 1023?
553
What is the remainder when 13158 is divided by 658?
656
Calculate the remainder when 19291 is divided by 254.
241
Calculate the remainder when 36306 is divided by 637.
634
Calculate the remainder when 9665 is divided by 270.
215
Calculate the remainder when 3270 is divided by 339.
219
Calculate the remainder when 130616 is divided by 7.
3
What is the remainder when 420123 is divided by 210059?
5
What is the remainder when 208 is divided by 143?
65
What is the remainder when 1979 is divided by 851?
277
What is the remainder when 11038 is divided by 123?
91
What is the remainder when 11491 is divided by 11479?
12
Calculate the remainder when 482162 is divided by 17.
8
Calculate the remainder when 438 is divided by 88.
86
What is the remainder when 42673 is divided by 3048?
1
Calculate the remainder when 3159 is divided by 1952.
1207
What is the remainder when 7178 is divided by 328?
290
Calculate the remainder when 1220 is divided by 135.
5
Calculate the remainder when 14579 is divided by 952.
299
Calculate the remainder when 21833 is divided by 206.
203
Calculate the remainder when 1395 is divided by 519.
357
What is the remainder when 3874 is divided by 1638?
598
What is the remainder when 2128 is divided by 97?
91
What is the remainder when 2235 is divided by 257?
179
Calculate the remainder when 7245 is divided by 94.
7
What is the remainder when 11590 is divided by 1655?
5
What is the remainder when 1755 is divided by 118?
103
Calculate the remainder when 154995 is divided by 125.
120
What is the remainder when 86239 is divided by 206?
131
What is the remainder when 4037 is divided by 476?
229
What is the remainder when 1987 is divided by 67?
44
Calculate the remainder when 18516 is divided by 30.
6
What is the remainder when 298947 is divided by 136?
19
What is the remainder when 1152697 is divided by 173?
171
What is the remainder when 2407 is divided by 33?
31
Calculate the remainder when 608836 is divided by 152204.
20
What is the remainder when 2417 is divided by 136?
105
What is the remainder when 434937 is divided by 11152?
9
What is the remainder when 75261 is divided by 25049?
114
What is the remainder when 51231 is divided by 28?
19
Calculate the remainder when 28643 is divided by 1507.
10
Calculate the remainder when 5234 is divided by 471.
53
Calculate the remainder when 18189 is divided by 33.
6
Calculate the remainder when 3379 is divided by 115.
44
What is the remainder when 120678 is divided by 33?
30
Calculate the remainder when 30280 is divided by 4279.
327
Calculate the remainder when 1963020 is divided by 19.
16
What is the remainder when 1708685 is divided by 994?
993
What is the remainder when 99478 is divided by 392?
302
What is the remainder when 2778 is divided by 105?
48
Calculate the remainder when 1937 is divided by 1798.
139
Calculate the remainder when 1147 is divided by 172.
115
Calculate the remainder when 86249 is divided by 50.
49
What is the remainder when 1173 is divided by 239?
217
What is the remainder when 1726 is divided by 143?
10
Calculate the remainder when 723343 is divided by 46.
39
Calculate the remainder when 15608 is divided by 3883.
76
Calculate the remainder when 28154 is divided by 14066.
22
What is the remainder when 33756 is divided by 20?
16
What is the remainder when 23315 is divided by 72?
59
Calculate the remainder when 2222 is divided by 61.
26
What is the remainder when 132506 is divided by 6974?
0
Calculate the remainder when 15912 is divided by 1224.
0
Calculate the remainder when 5323 is divided by 516.
163
What is the remainder when 211408 is divided by 20?
8
What is the remainder when 56197 is divided by 18654?
235
What is the remainder when 689451 is divided by 58?
5
What is the remainder when 325610 is divided by 363?
362
Calculate the remainder when 33608 is divided by 15.
8
Calculate the remainder when 11775 is divided by 8.
7
What is the remainder when 6747 is divided by 1575?
447
What is the remainder when 65135 is divided by 1277?
8
What is the remainder when 4453 is divided by 1472?
37
Calculate the remainder when 10087 is divided by 5031.
25
Calculate the remainder when 10635 is divided by 112.
107
Calculate the remainder when 234527 is divided by 349.
348
Calculate the remainder when 966 is divided by 203.
154
What is the remainder when 22421 is divided by 236?
1
Calculate the remainder when 22758 is divided by 84.
78
What is the remainder when 8095 is divided by 450?
445
Calculate the remainder when 15388 is divided by 15293.
95
What is the remainder when 8600 is divided by 137?
106
What is the remainder when 34314 is divided by 17151?
12
What is the remainder when 1758789 is divided by 84?
81
What is the remainder when 37736 is divided by 754?
36
Calculate the remainder when 1420 is divided by 1394.
26
What is the remainder when 19151 is divided by 9568?
15
Calculate the remainder when 296454 is divided by 3529.
18
Calculate the remainder when 52529 is divided by 392.
1
What is the remainder when 240892 is divided by 256?
252
What is the remainder when 995 is divided by 305?
80
What is the remainder when 5669 is divided by 1889?
2
Calculate the remainder when 2894 is divided by 289.
4
What is the remainder when 2363 is divided by 125?
113
Calculate the remainder when 22871 is divided by 301.
296
Calculate the remainder when 23433 is divided by 7810.
3
Calculate the remainder when 29829 is divided by 66.
63
Calculate the remainder when 75253 is divided by 20.
13
What is the remainder when 20876 is divided by 1119?
734
What is the remainder when 18897 is divided by 73?
63
Calculate the remainder when 728 is divided by 147.
140
Calculate the remainder when 119773 is divided by 17.
8
Calculate the remainder when 14521 is divided by 76.
5
Calculate the remainder when 752540 is divided by 11.
8
What is the remainder when 17321 is divided by 444?
5
What is the remainder when 5151 is divided by 24?
15
What is the remainder when 177756 is divided by 34?
4
What is the remainder when 6126 is divided by 63?
15
What is the remainder when 3668 is divided by 615?
593
What is the remainder when 541888 is divided by 52?
48
Calculate the remainder when 3474 is divided by 496.
2
Calculate the remainder when 8062 is divided by 7925.
137
Calculate the remainder when 353